tors of 38054066?
2, 739, 25747
List the prime factors of 378647065.
5, 1187, 63799
What are the prime factors of 2196199909?
2196199909
What are the prime factors of 75486828?
2, 3, 23, 273503
List the prime factors of 368815934.
2, 184407967
List the prime factors of 21896363.
29, 281, 2687
What are the prime factors of 1294176451?
1294176451
What are the prime factors of 30473779?
7, 4353397
What are the prime factors of 254108753?
463, 548831
What are the prime factors of 100524365?
5, 449, 44777
List the prime factors of 46406107.
11, 17, 248161
What are the prime factors of 104627241?
3, 757, 5119
What are the prime factors of 22562663?
22562663
List the prime factors of 507171757.
929, 545933
List the prime factors of 183502743.
3, 17, 3598093
What are the prime factors of 1001382242?
2, 7, 71527303
What are the prime factors of 2343063805?
5, 7247, 64663
List the prime factors of 20277024.
2, 3, 211219
What are the prime factors of 4495152717?
3, 11, 45405583
What are the prime factors of 174152157?
3, 19, 677, 4513
List the prime factors of 771803738.
2, 29, 229, 58109
List the prime factors of 80317491.
3, 37, 197, 3673
List the prime factors of 45046503.
3, 31, 53819
List the prime factors of 86188138.
2, 269, 160201
What are the prime factors of 1358450953?
97, 14004649
What are the prime factors of 1051485001?
7, 31, 113, 137, 313
What are the prime factors of 5332745248?
2, 71, 677, 3467
What are the prime factors of 409258136?
2, 7, 17, 23, 18691
List the prime factors of 1513178590.
2, 5, 7, 11, 1965167
What are the prime factors of 185699822?
2, 7, 11, 1205843
List the prime factors of 14560721.
7, 17, 37, 3307
List the prime factors of 1709985723.
3, 569995241
List the prime factors of 2369969995.
5, 31, 53, 288493
What are the prime factors of 3187660985?
5, 379, 1682143
What are the prime factors of 14841263?
14841263
What are the prime factors of 27869454?
2, 3, 67, 7703
List the prime factors of 36836718.
2, 3, 6139453
What are the prime factors of 36219957?
3, 12073319
List the prime factors of 460061561.
460061561
What are the prime factors of 9513840748?
2, 251, 9475937
List the prime factors of 91922993.
91922993
What are the prime factors of 523659060?
2, 3, 5, 409, 2371
What are the prime factors of 134550182?
2, 13, 43, 120349
List the prime factors of 81663334.
2, 139, 167, 1759
What are the prime factors of 37465781?
23, 1628947
List the prime factors of 98323715.
5, 7, 2809249
What are the prime factors of 23668220?
2, 5, 1183411
What are the prime factors of 633607380?
2, 3, 5, 7, 167621
What are the prime factors of 15986174?
2, 409, 19543
List the prime factors of 33378330.
2, 3, 5, 1112611
List the prime factors of 1837747221.
3, 67, 136463
List the prime factors of 4945875925.
5, 73, 499, 5431
What are the prime factors of 38698682?
2, 11, 367, 4793
List the prime factors of 76608762.
2, 3, 733, 17419
List the prime factors of 801523079.
7, 1051, 108947
What are the prime factors of 141661054?
2, 70830527
What are the prime factors of 68264886?
2, 3, 131, 86851
What are the prime factors of 561121479?
3, 20782277
List the prime factors of 1103389270.
2, 5, 110338927
What are the prime factors of 39628163?
1579, 25097
List the prime factors of 25428814.
2, 281, 45247
What are the prime factors of 61220255?
5, 271, 45181
What are the prime factors of 2568714?
2, 3, 211, 2029
List the prime factors of 356565208.
2, 17, 29, 90407
What are the prime factors of 2027359334?
2, 7, 11, 13, 23, 44029
What are the prime factors of 25622055?
3, 5, 53, 3581
What are the prime factors of 5234273247?
3, 7, 35607301
What are the prime factors of 483138232?
2, 17, 19, 181, 1033
What are the prime factors of 242126443?
13, 19, 41, 23909
List the prime factors of 245911512.
2, 3, 7, 11, 133069
List the prime factors of 76680226.
2, 7, 5477159
List the prime factors of 21905645.
5, 1231, 3559
What are the prime factors of 1497624218?
2, 383, 1955123
What are the prime factors of 375744415?
5, 75148883
List the prime factors of 44599704.
2, 3, 17, 109313
List the prime factors of 615284441.
615284441
What are the prime factors of 1075793701?
223, 4824187
List the prime factors of 1232928188.
2, 53, 5815699
List the prime factors of 411094252.
2, 1523, 67481
List the prime factors of 152625888.
2, 3, 37, 14323
What are the prime factors of 7024267?
7024267
What are the prime factors of 37198925?
5, 137, 10861
List the prime factors of 414324651.
3, 13, 43, 107, 2309
What are the prime factors of 2833336909?
13, 17, 12820529
What are the prime factors of 334746439?
17, 23, 37223
List the prime factors of 525202853.
7, 75028979
List the prime factors of 187325883.
3, 19, 479, 2287
List the prime factors of 1145800792.
2, 1259, 113761
What are the prime factors of 1654722655?
5, 47, 7041373
What are the prime factors of 271282796?
2, 67820699
List the prime factors of 454709637.
3, 59, 67, 12781
List the prime factors of 317755403.
7, 45393629
What are the prime factors of 90491138?
2, 67, 193, 3499
What are the prime factors of 50395026?
2, 3, 11, 31, 24631
What are the prime factors of 758988251?
7, 108426893
What are the prime factors of 356458962?
2, 3, 19, 37, 84509
What are the prime factors of 542930906?
2, 7, 433, 89563
List the prime factors of 27683268.
2, 3, 163, 14153
List the prime factors of 369889551.
3, 31, 441923
What are the prime factors of 64421508?
2, 3, 5368459
What are the prime factors of 585971745?
3, 5, 1361, 28703
What are the prime factors of 46543893?
3, 11, 1410421
What are the prime factors of 2604225?
3, 5, 13, 2671
What are the prime factors of 25848581?
11, 2349871
List the prime factors of 1233171848.
2, 154146481
List the prime factors of 868926426.
2, 3, 37, 3914083
List the prime factors of 110530202.
2, 131, 277, 1523
What are the prime factors of 248691788?
2, 4271, 14557
What are the prime factors of 432109887?
3, 11, 13094239
List the prime factors of 43610109.
3, 83, 175141
What are the prime factors of 129999148?
2, 43, 755809
What are the prime factors of 16133722?
2, 11, 733351
What are the prime factors of 334196357?
11, 30381487
List the prime factors of 448532014.
2, 7, 32038001
What are the prime factors of 23777537?
7, 1451, 2341
List the prime factors of 87749708.
2, 29, 756463
List the prime factors of 44692282.
2, 331, 67511
What are the prime factors of 492944315?
5, 98588863
List the prime factors of 65778628.
2, 59, 167, 1669
What are the prime factors of 75371824?
2, 11, 428249
What are the prime factors of 137561868?
2, 3, 1273721
List the prime factors of 112529635.
5, 22505927
What are the prime factors of 79758234?
2, 3, 947, 4679
What are the prime factors of 286624650?
2, 3, 5, 13, 146987
List the prime factors of 964583726.
2, 47, 10261529
What are the prime factors of 1516102561?
269, 5636069
What are the prime factors of 4890591337?
857, 5706641
What are the prime factors of 127491042?
2, 3, 7, 61949
List the prime factors of 1945686588.
2, 3, 37, 4382177
What are the prime factors of 190212174?
2, 3, 10567343
What are the prime factors of 21672531?
3, 1181, 2039
What are the prime factors of 29097681?
3, 2089, 4643
What are the prime factors of 441864126?
2, 3, 11, 29, 113, 227
List the prime factors of 390715062.
2, 3, 2273, 28649
What are the prime factors of 109238661?
3, 7, 23, 75389
What are the prime factors of 481076807?
1181, 407347
What are the prime factors of 2206116631?
2347, 939973
What are the prime factors of 140100139?
229, 611791
List the prime factors of 245425544.
2, 7, 13, 443, 761
What are the prime factors of 1604224400?
2, 5, 4010561
What are the prime factors of 1007567450?
2, 5, 20151349
List the prime factors of 1560846076.
2, 13721, 28439
List the prime factors of 132100845.
3, 5, 23, 463, 827
What are the prime factors of 109971718?
2, 5449, 10091
What are the prime factors of 1050427622?
2, 31, 59, 287159
What are the prime factors of 50098957?
223, 271, 829
List the prime factors of 11581509.
3, 97, 39799
What are the prime factors of 111690088?
2, 1471, 9491
List the prime factors of 453349529.
453349529
What are the prime factors of 2470691?
2470691
What are the prime factors of 1234500407?
7, 17, 10373953
What are the prime fac